u**2 - 10*u + 11. Let r be z(6). Let k = -8 + r. Let o = 43 + k. What is the tens digit of o?
2
Let o(f) = -f**3 + 10*f**2 - 7*f - 13. Suppose 3*b + 30 = 5*q, -4*b + 21 - 1 = 0. What is the units digit of o(q)?
5
Let k = 17 - 15. Suppose k*g + 0*g - 15 = -3*i, i - 15 = -4*g. Let u = 6 - g. What is the units digit of u?
3
Let g be (-9)/(5/(-15)*1). Suppose -g = -9*d + 297. What is the tens digit of d?
3
Let f(i) be the second derivative of i**3/3 + 2*i**2 - 8*i. Let o be f(0). Suppose 3*k - 22 - 8 = 3*s, k - o*s = 25. What is the units digit of k?
5
Suppose 4*b = -5*f - 17, -2*b - 4*f = 7 + 9. Let x = 6 + -6. Suppose x*w + w = n + 47, -4*w - b*n = -200. What is the tens digit of w?
4
Let w(t) = 2*t**2 - t - 1. Suppose 0*m - 2*m - 2*y = 12, y = -5*m - 30. What is the units digit of w(m)?
7
Let k(a) = -a**3 - 9*a**2 - 10*a - 12. Let l be k(-8). Suppose -102 = -10*n + l*n. What is the units digit of n?
7
Let f(v) = -2*v + 18. Let g be f(8). Suppose 3*t = -g*t + 590. Suppose -3*r - 6*u + 4*u + t = 0, -146 = -4*r + 3*u. What is the tens digit of r?
3
Suppose 18*f - 5*a + 1890 = 20*f, -2 = -a. What is the units digit of f?
0
Suppose -2*k = -f - 2311, -5*f = -35*k + 34*k + 1142. What is the tens digit of k?
5
Let d be (-2)/1*(-95)/10. Let r(u) = 12*u**2 - d*u**2 - 9*u + 4 + 6*u**2. What is the tens digit of r(-6)?
2
Suppose 2*b + v = -0 + 3, 0 = -2*b - 2*v - 2. Suppose 3*z - 310 = -5*c, -2*c = -0*c - b*z - 98. What is the tens digit of c?
5
Let t(w) = 2*w + 26. Let o be t(-12). Suppose 0*z + 3*p + 105 = o*z, 149 = 3*z + 4*p. What is the units digit of z?
1
Let d = 17 + -16. Let r(o) = 39*o - 2. Let i be r(d). Suppose -5*p = -5*y + 130, -y - 5*p - i = -3*y. What is the tens digit of y?
3
Suppose -4*w = -w. Suppose w = 4*q - 2*q - 134. Let j = q - 17. What is the units digit of j?
0
Suppose -3*m + 7 = 31. Suppose 12 = 28*r - 16. What is the units digit of (-4)/m*22/r?
1
Suppose -32*a + 397 = -31*a. What is the units digit of a?
7
Suppose 16*z + 9908 = 2*o + 13*z, 10 = 5*z. What is the units digit of o?
7
Suppose 5*m + 3*u = 5150, 5659 = 5*m + 5*u + 509. What is the units digit of m?
0
Suppose 127 = -4*t + 5*t. Suppose m - 414 = -5*m. Let f = t - m. What is the tens digit of f?
5
Let v be -2 - (-7)/(21/6). Let q be ((-66)/9)/(2/(-3)). Suppose o - 14 - q = v. What is the units digit of o?
5
Let o = -1168 + 1697. What is the hundreds digit of o?
5
Let v be 80/(-3)*1*48/(-4). Suppose -27*f + v = -25*f. What is the tens digit of f?
6
Suppose 0 = -74*q + 50*q + 31320. What is the units digit of q?
5
Suppose -l - 6 + 2 = 0, -24 = -4*u + l. Suppose 2*t + u*v - 33 = 0, -7 + 1 = -4*t + 2*v. What is the tens digit of t/10 - (-2054)/65?
3
Let h(m) = -5*m + 7. Let q be ((-4)/(-3))/(5/(-45)). What is the tens digit of h(q)?
6
Let m = 18 + -27. Let j be ((-4)/12)/(1/m). Suppose 0 = 3*u + j*c - 57, 3*u - 115 + 18 = 5*c. What is the tens digit of u?
2
Let u be 18/4 + (-17)/(-34). Suppose -5*g - 62 - 14 = -2*o, u*g + 74 = 3*o. Let h = g - -26. What is the units digit of h?
0
Suppose 41*j + 212 = 45*j. Let p = j - -54. What is the hundreds digit of p?
1
Suppose 0 = 4*p + l - 21, 2*p + 32 = 5*p + 4*l. Suppose 0 = -p*x + 27 + 29. What is the units digit of -4*(-4)/32*x?
7
Suppose -s - 586 = -3*y, -3*s - 86 - 104 = -y. What is the units digit of y?
6
Suppose 0 = -7*i - 0*i + 1610. Suppose -4*n = n - s - i, -4*s - 74 = -2*n. What is the tens digit of n?
4
Suppose x = -2*j - 1 - 8, 0 = j + 5*x + 18. Let p(q) = 2*q**2 + 3*q + 2. What is the units digit of p(j)?
1
Let v(g) = -g**2 + 7*g + 8. Let q be v(6). Let i = -15 + q. Let c = i - -2. What is the units digit of c?
1
Suppose -4*s = -0 + 8. What is the tens digit of (-12)/(-4) + 21 - s?
2
Let u be ((-81)/(-18))/((-2)/(-4)). Suppose 11 = v + n - u, 0 = 4*v - 2*n - 62. What is the tens digit of v?
1
Let r = 29 + -25. Suppose -3*t = -r*t + 1. What is the tens digit of t/(4/(-564)*-3)?
4
Let h(k) be the second derivative of k**5/20 + 19*k**4/12 + 7*k**3/3 - 13*k**2 - 8*k. What is the tens digit of h(-18)?
4
Let t(r) = 2*r + 21. Let n be t(-9). What is the tens digit of (n/9)/(-1 - 840/(-837))?
9
Let q = -230 - -617. What is the hundreds digit of q?
3
Let j(c) = 2*c**3 - 28*c**2 - 6*c - 45. What is the hundreds digit of j(15)?
3
Let v(f) = -7*f - 37. Let x be v(-6). Suppose -q = -x*n + 420, 2*q + 45 + 123 = 2*n. What is the tens digit of n?
8
Let m(i) = 37*i**2 - 1. Let q be m(-2). Let r = q + 26. What is the units digit of r?
3
Let q(w) = -w**3 + 12*w**2 - 5*w + 12. Let h be q(10). Suppose 0 = -5*z - 430 - 25. Let j = z + h. What is the tens digit of j?
7
Let z = 43 + -15. Let g be ((-52)/(-6))/((-12)/(-18)). Let y = g + z. What is the units digit of y?
1
Let g(b) be the first derivative of -34*b**2 + 3*b - 7. Let j(v) = 23*v - 1. Let o(x) = -3*g(x) - 8*j(x). What is the tens digit of o(1)?
1
Let k = -7 + 5. Let h = 0 - k. Suppose -h*u = -4*u + 56. What is the units digit of u?
8
Suppose 4*u = 4*m + 16, -5*m - u + 16 = 3*u. Suppose -w = 4*y - 11, -y + 5*y - 8 = m. Suppose -s - w*v = -0*s - 5, -5*v = 25. What is the tens digit of s?
2
Suppose 10*n - 9 = 7*n. Suppose n*f + 8 = -w + 4*f, -3*f - 6 = 2*w. Let z = w - -12. What is the units digit of z?
6
Let k(p) = 2*p - 1. Let l be k(7). Suppose 5*y = 3 - l. What is the units digit of 7 + (y - 1) + 2?
6
Let s(o) = 20*o - 7. Suppose 2*w + 11 = 17. What is the units digit of s(w)?
3
Let o = -13 - -19. Let p = o + -7. What is the units digit of p + (-5)/((-25)/10)?
1
Let l be (2/(-5))/(2/(-790)). Let x = l - 67. What is the units digit of x?
1
Let c be 5 + (4 + -1)*1/3. Suppose -249 = -3*k + 5*h, -c*k + k + 5*h + 405 = 0. What is the tens digit of k?
7
Let v(o) = 3*o - 3. Suppose 4 = -n + 1. Let c be (-4)/n*(3 - -3). What is the units digit of v(c)?
1
Suppose 2*j - 5 - 1 = 0. Suppose -15 = -3*i - j. Suppose 6*c = i*c + 70. What is the units digit of c?
5
Let n(l) = -34*l - 14. Let d be n(-4). Suppose -2*q + d = 4*b, -8*q + 5*b = -4*q - 283. What is the tens digit of q?
6
Let i(y) = 3*y + 24. Let u(k) = -2*k - 23. Let f(d) = 6*i(d) + 7*u(d). Let b be f(8). Let q = -8 + b. What is the units digit of q?
7
Let q be (-12)/((-2)/(-3)*-3). What is the units digit of (-9 - (-9)/3)*(-62)/q?
2
What is the units digit of (-4)/(-50) - 10389/(-25)*7?
9
Let j(i) = -2*i**2 + 3*i**2 + 9*i - 5 - 2*i**2. Let c be j(8). Suppose 2*z = -4*p + 23 + 31, 2*z - c*p = 19. What is the tens digit of z?
1
Suppose 0 = 10*r - 12 - 28. Suppose -28 - 42 = -t. Suppose -r*l + t + 102 = 0. What is the units digit of l?
3
Let n(p) = 10*p**2 - 21*p - 149. What is the tens digit of n(-9)?
5
Suppose 10 = -2*k + 16. Suppose 0 = -k*n + 10 + 26. What is the units digit of n?
2
Suppose 9*t + 4*t = 0. Suppose 2*j + c = -t*j + 6, 2*j + 3*c = -2. What is the units digit of j?
5
Let f(x) = -x**3 + 6*x**2 - 2*x - 6. Let b be f(5). Let i = 9 - b. Suppose -j + i*j + 4 = 0. What is the units digit of j?
4
Let a = 5646 + -1523. What is the tens digit of a?
2
Let c(h) = -h**3 - h**2 - 3*h - 3. What is the hundreds digit of c(-7)?
3
Let t be (-91 + -2)*1/(-3). What is the hundreds digit of 20/(-3 + (t/5 - 3))?
1
Let v be ((-2)/6)/((-16)/192) + 520. Let j = 752 - v. What is the hundreds digit of j?
2
Suppose 6*k = -8 + 818. Suppose -3*q - 2*q + k = 0. What is the units digit of q?
7
Suppose 0 = 4*s - 2*c - 1405 - 4497, -s + 2*c = -1471. What is the units digit of s?
7
Let p(m) = -m - 2*m + 3*m + 2*m + 1. Let b be p(6). Let j = b + 11. What is the tens digit of j?
2
Let r(b) be the third derivative of -b**6/60 - 2*b**5/15 - 11*b**4/24 - 5*b**3/6 - b**2. What is the tens digit of r(-5)?
0
Suppose -26*j = 28*j - 125820. What is the hundreds digit of j?
3
Let h be (-6)/(-48) + 1175/8. Let x = h - 105. What is the units digit of x?
2
Let d be (-86)/(-8) - 6/8. Let o be ((-48)/(-40))/(4/d). Suppose o*r - 76 = -5*v, 32 + 20 = 2*r + 3*v. What is the units digit of r?
2
Let j be (3/2)/((-6)/(-12)). Suppose -y + j*l - 366 = -4*y, l = -4*y + 476. What is the tens digit of y?
1
Suppose 129 = -13*l + 14*l. Suppose -l - 19 = -u. Suppose u = 5*m - m. What is the tens digit of m?
3
Suppose 0 = -2*r + 2, 3*r - 222 = -5*t - 19. Let s = t - 29. Suppose 3*i + 2 = s. What is the units digit of i?
3
Let g = -388 + 731. What is the hundreds digit of g?
3
Suppos